 14*x**2 - 51*x + 445. What is the hundreds digit of c(10)?
5
Suppose 385 = -9*h - 1874. Let a = h + 353. What is the hundreds digit of a?
1
Suppose 164*d + 25*d = 1101114. What is the hundreds digit of d?
8
Suppose 0 = 3*v + 4*s - 27489, -2*v - 79*s = -82*s - 18309. What is the hundreds digit of v?
1
Let l be (0/((-2)/2))/(36/(-18)). Suppose -3*v - 4*i + 1877 = 0, 11*v - 16*v + 4*i + 3075 = l. What is the tens digit of v?
1
Let n(y) = 10*y + 20. Let h be n(-4). What is the units digit of 777/15 - (-16)/h?
1
Let z(w) = -11*w**2 + 9*w - 44. Let r(s) = -s**3 - 54*s**2 + 46*s - 220. Let x(g) = -2*r(g) + 11*z(g). What is the tens digit of x(9)?
2
Let q = -1426 + 1431. Let r = 44 + -68. What is the units digit of r/q*(-20)/8?
2
What is the units digit of 1*(120/24 + 12017)?
2
Suppose -t = 3*h - 8151, 3*h + 169 = -5*t + 8308. What is the thousands digit of h?
2
Suppose 3*t = 3*d + 25611, -4*d = 2*t + t - 25632. What is the tens digit of t?
4
Suppose 0 = 9*c - 247154 - 145552. What is the hundreds digit of c?
6
Let z = -3084 + 3198. What is the tens digit of z?
1
Let i(f) = 3*f**3 - f**2 - 16*f. Let o be i(10). Suppose 4*g - 1796 = o. What is the thousands digit of g?
1
Let i = 109748 + -71785. What is the ten thousands digit of i?
3
Suppose m + 47 = b - 158, 823 = 4*b - m. Let c be (29/(-3))/(1/6). Let p = c + b. What is the tens digit of p?
4
Let o(z) = -161*z - 5. Let d be o(-5). Suppose 4*b + d = 5*n, 3*n + 4*b - 453 = b. Suppose 7*u - n = 4*u. What is the tens digit of u?
5
Let m(g) be the third derivative of -5*g**4/6 - 59*g**3/3 - 4*g**2 - 67*g. What is the tens digit of m(-18)?
4
What is the units digit of (-1*(7 + -1))/((-87)/41963)?
4
Suppose -3*d + 0*v = -4*v - 343, 3*v = -2*d + 257. Suppose -4*y + 41 = d. What is the units digit of -298*((-2)/5)/(y/(-25))?
9
Let o(i) = -41*i**2 + 320 - 39*i**2 - 33*i**2 - 2*i + 114*i**2. What is the hundreds digit of o(0)?
3
What is the tens digit of 86/(-473) - (-566)/(-22)*-3?
7
Suppose i = -p + 1810, i + 2881 + 757 = 2*p. What is the thousands digit of p?
1
Suppose -16*l + 20*l - 52 = 0. Let c be 4/14 + (-208)/(-56). Let d = l + c. What is the units digit of d?
7
Let b(s) = s**3 + 17*s**2 - s + 2. Let n be b(-17). Suppose -5*i + n = -16. Suppose 3*c - 184 = -3*h + i*c, 5*h - 3*c - 314 = 0. What is the units digit of h?
4
Let t = -185 - -190. Suppose -5*g + t*h = -1690, 2*h + h = -4*g + 1345. What is the units digit of g?
7
Let l(k) = -4*k + 3. Let i be l(-4). Let r = i + 221. Suppose 3*u - 66 = -m, 0*m - 5*u = -3*m + r. What is the tens digit of m?
7
Suppose 4*y + 2*w - 17516 = 0, -18*w + 8758 = 2*y - 16*w. What is the hundreds digit of y?
3
Let t(g) = 13*g - 18. Let n(o) = -o**3 + 14*o**2 - 13*o + 5. Let k be n(13). Suppose -4*j + 4 = -4*m, 4*m - 36 = -5*j + k. What is the units digit of t(m)?
4
Let a(l) = -1150*l + 152. Let f be a(-25). What is the units digit of f/17 + 50/(-425)?
0
Let j(q) = 9*q**2 + 27*q - 16. Let p be j(-4). Suppose 0 = 7*s + p - 146. What is the tens digit of s?
1
Let s = 434 + -101. Let d = -193 + s. What is the units digit of d?
0
Let t(g) = 84*g**2 - 3 - 4*g - 26*g**2 - 15*g - 11. What is the hundreds digit of t(-4)?
9
Let r be (16/3)/(1/9). Suppose 2*c - 7*q = 308, 392 = 2*c - 5*q + 76. Suppose r + c = 3*b. What is the units digit of b?
2
Suppose 3*d - 75 = -3*a, -3*a + 2*a = -d + 27. Suppose -3*b - v - d = 0, -4*v + 9*v = 3*b + 50. What is the hundreds digit of (-8)/b*2310/12?
1
Let i(c) = 47*c**3 - 544*c**2 + 8*c + 21. What is the units digit of i(13)?
8
Let s(n) = -6*n + 470. Let g be 0 + 2 + -3 - -1. Let v be s(g). Suppose -5*d + v = 5*o, -2*d - 19 = -5*o + 479. What is the units digit of o?
8
Suppose -26*f + 203879 - 27571 - 10142 = 0. What is the thousands digit of f?
6
Let q(g) = 56*g - 5. Let z be q(3). Suppose -a = -z - 418. Let m = a - 396. What is the hundreds digit of m?
1
Let c(x) = -286*x + 650*x - 56 - 173*x. What is the units digit of c(4)?
8
Let w(v) = v**3 - 52*v**2 - 56*v + 165. Let d be w(53). Suppose 2*a = d*a - 4116. What is the thousands digit of a?
1
Let h(n) = -n**3 + 5*n**2 - 2*n + 6. Let l be h(-6). Let a = l - 597. What is the units digit of a/(-9) + 2/(-6)?
0
Suppose -140 = -4*s - 4*t, -4*s + 607*t = 608*t - 140. Let l = -147 + 232. Let y = l - s. What is the units digit of y?
0
Let x = 18577 + -10612. What is the hundreds digit of x?
9
Let s = -1421 + 1477. Let i = -101 + 187. Let f = i - s. What is the units digit of f?
0
Let r(m) = -16*m**3 + 3*m**2 - 3*m - 1. Let f be r(-3). Suppose 4*c + n - 1879 = -2*n, -c = -2*n - f. Suppose 0*k + c = 7*k. What is the units digit of k?
7
Let q = -913 - -1385. Suppose -5*f - u + 3943 = 1625, f = 4*u + q. What is the hundreds digit of f?
4
Suppose 17*b + 373559 = 47*b - 111211. What is the hundreds digit of b?
1
Suppose -4*j = -3*w - 859, 5*j - 521 = 3*w + 552. Let m(g) = g**2 - 136. Let n be m(0). Let b = n + j. What is the units digit of b?
8
Let g be (1212 - -1)/((-9)/(-27)). Suppose -15*k + 4206 = -g. What is the tens digit of k?
2
Suppose -2*j + 181640 = 20*j - 89378. What is the thousands digit of j?
2
Suppose -4*j + 18 + 38 = 0. Let l = -12 + j. Suppose 2*x = 3*p - 0 + 127, 3*p = -l*x + 145. What is the tens digit of x?
6
Suppose -92*v - 1871620 + 7027392 = 0. What is the hundreds digit of v?
0
Let p = -705 + 187. Let l = -255 - p. Suppose 7*j - l = 381. What is the tens digit of j?
9
What is the ten thousands digit of (25540 + -4 - -4) + 23?
2
Suppose r = -3*y + 84523, -21*r = -2*y - 22*r + 56348. What is the thousands digit of y?
8
Suppose 5*d - y - 205 + 15 = 0, 0 = 2*d - 4*y - 58. What is the hundreds digit of (-6)/d - 3109/(-26)*2?
2
Suppose 2855555 = -5613*k + 5672*k + 925370. What is the units digit of k?
5
Let r = -12 + 14. Suppose -4 = -2*f + r*w, 0*f - f - 2*w - 10 = 0. Let q = 50 - f. What is the tens digit of q?
5
Let w be -3 + (6 - (-1 + 4)) - -24. Let x = 27 - w. Suppose -x*q - q + 556 = 0. What is the hundreds digit of q?
1
Suppose -3*i - 16 = -4*c, 5*i = -c - 2 + 6. Let k(n) = 11*n**2 + 85*n + 6. Let g be k(-8). Let w = i + g. What is the tens digit of w?
3
Suppose 0 = 13*s - 76*s + 2394. What is the units digit of s?
8
Let n(b) = 2*b**3 + 52*b**2 - 3*b - 33. Let l(z) = -6*z**2 - 19*z - 6. Let m be l(-4). What is the tens digit of n(m)?
4
Let c = 4577 - 1606. What is the thousands digit of c?
2
Let v = 11147 - 2212. What is the units digit of v?
5
Let b(w) = 79*w**3 - 82*w**2 + 16*w + 29. What is the units digit of b(6)?
7
What is the hundreds digit of (99/(-18) + 3)/(10/(-2076))?
5
Let c be -1*16/4 - 3. Let k = c - 0. Let p = k - -68. What is the units digit of p?
1
Let o be 1/(-4) + -2 + 78/(-8). Let s(b) = 2*b**2 + 9*b + 13. Let u be s(o). Suppose y - 2*y = 2*a - 114, -2*y + 3*a = -u. What is the units digit of y?
4
Let a(x) = 6*x**2 + 10*x + 12. Let k be a(-5). Let c(s) = 48*s**3 - 1 - 111*s**2 + 4 - 3*s + k*s**2 - 1. What is the tens digit of c(1)?
4
Suppose -x - 4*a = -5*x + 136, -5*x + 167 = -4*a. What is the thousands digit of 124/x - (-2370 - 0)/2?
1
Suppose -2848220 = -83*y - 585889. What is the ten thousands digit of y?
2
Let d be (-24176)/(-17) + (-94)/799. Let h = 2065 - d. What is the hundreds digit of h?
6
Let w = 17003 - 9877. Suppose -5*j = 3*r - 7128, w = 2*j + 3*j + r. What is the thousands digit of j?
1
Suppose f + 0*f + 4*z - 14189 = 0, -5*f - 6*z = -71001. What is the tens digit of f?
0
Let s(o) = 15*o - 18. Let d be s(3). What is the units digit of 1320/d - (-9)/81?
9
Let j(w) = 7*w**3 - 19*w**2 + 30*w + 49. Let n(l) = -3*l**3 + 10*l**2 - 15*l - 24. Let p(s) = -4*j(s) - 9*n(s). What is the tens digit of p(-16)?
9
Let d = -77013 - -112051. What is the tens digit of d?
3
Let x(o) = -14*o**3 - 4*o + 4. Let a = 389 + -392. What is the units digit of x(a)?
4
Suppose -r + 6331 = -3*s - 4002, -8 = -4*s. What is the tens digit of r?
3
Let x be (2 - 2) + (-5 - -8). Suppose 0 = i - x*p + 327, -1 = 2*p + 1. What is the units digit of i/(-4) + 10/(-20)?
2
Let u(t) = 3696*t + 913. What is the ten thousands digit of u(16)?
6
Let z(g) = -g**3 + 2*g**2 + 12*g - 52. Let w be z(4). What is the tens digit of 4*6/w + 161/3?
5
Let h(w) = -2*w - 15. Let g be h(-8). Suppose d + 10 = -4*n, g + 7 = -4*n. What is the tens digit of (-72)/18*141/d?
8
Let z(m) = -m**3 - m**2 - m + 2. Le